 = -80 + 77. Let h(x) = q*b(x) - 2*d(x). Determine h(-2).
0
Let r(m) = -4*m - 1. Let u(x) = 10*x + 9. Let n(z) = 3*r(z) + u(z). Give n(-8).
22
Let k(u) = -u**2 - 7*u - 8. Let a = -1592 - -1582. Calculate k(a).
-38
Let h(c) = c**3 + 18*c**2 + 16*c - 14. Let q be h(-17). Let m be -2 + (q - (-3 - 0)). Let p(b) = -b**3 + 4*b**2 - 2*b + 5. Calculate p(m).
-3
Let z(d) be the first derivative of d**4/4 + 5*d**3/3 + 4*d**2 + 5*d + 85. Calculate z(-5).
-35
Let d(s) = 1. Let p(x) be the second derivative of x**3/6 + 7*x**2/2 + 26*x. Let w(g) = -5*d(g) - p(g). Determine w(-11).
-1
Let c(x) = 26 - 55 - 6*x + 14 + 12. Let m be (5 - 3)*5/(-2). Calculate c(m).
27
Let r(j) = j**3 - 6*j**2 + 6*j - 7. Suppose 4 = 2*l - 2. Suppose 5*o - 66 = l*f + 26, 116 = -5*f - o. Let u be (-16)/f - 26/(-6). Calculate r(u).
-2
Let j(c) = -15*c + 6. Let t(k) = -3*k + 1. Let q(g) = j(g) - 4*t(g). Give q(2).
-4
Let i(r) be the third derivative of -r**4/24 + 4*r**2 + 22*r. Determine i(10).
-10
Let o(f) = f**2 - 6*f - 9. Let v(i) = -1. Let t(d) = o(d) - 3*v(d). Let p = -472 - -242. Let u = p + 236. What is t(u)?
-6
Let r(h) = -h**3 - 7*h**2 + 14*h - 33. Let y be r(-9). Let k(n) = n**3 - 4*n**2 + 5*n - 4. Calculate k(y).
2
Suppose 0 = 3*j - d - 0*d - 10, 5*j = -4*d + 45. Let s(l) be the second derivative of -5/12*l**4 + 2*l + 1/20*l**5 + 0 + 3*l**2 - 1/2*l**3. What is s(j)?
-9
Let w(d) = 16*d**3 - 1. Let l(u) = 5*u - 3. Let z be l(1). Suppose -2 = -3*c + 4*c + 3*y, -z = -c + y. What is w(c)?
15
Let x be (-48)/(-18) + 1/3 + 1. Let y(g) be the second derivative of -g**4/12 + g**3/3 - g**2/2 + 9*g. Calculate y(x).
-9
Let t(s) = -s**3 + 3*s**2 + s - 2. Suppose 5*m - 11 = w - 1, -4*m + 3*w - 3 = 0. Suppose -m*j = -5*p - 0*p + 5, p - 4*j = -16. Give t(p).
-14
Let p = -11 - -7. Let b(a) = -7*a**3 - 15*a**2 - 14*a - 7. Let m(t) = -11*t**3 - 23*t**2 - 21*t - 10. Let y(o) = 8*b(o) - 5*m(o). Give y(p).
6
Let k be -3 + (4 - 14/2). Let m be (3 + 1)/(12/k). Let c(w) = 2*w**3 + 2*w**2 + 1. Give c(m).
-7
Let b be 2/(-2)*60/20. Let g(k) = -k**2 - 4*k - 3. Give g(b).
0
Let z(a) = 7*a + 7. Let y(g) = -6*g - 5. Let f(r) = 5*y(r) + 4*z(r). Let v(i) = 2*i - 2. Let t be v(3). What is f(t)?
-5
Let z be 16/(-10) - (-6)/(-15). Let w(p) = 1 + 1 - 3589*p**2 + 3592*p**2. What is w(z)?
14
Let u(k) be the second derivative of k**7/2520 + 7*k**6/720 - k**5/10 + 7*k**4/3 + 18*k. Let f(j) be the third derivative of u(j). Calculate f(-9).
6
Let q be (-765)/7 + 2/(-21)*-3. Let x = q + 113. Let l(r) = -2*r + 2. Determine l(x).
-6
Let o(l) = l - 1. Let p(h) = -7*h**3 + 2*h**2 - h. Let v be p(1). Let q(g) = 7*g - 6. Let a(n) = v*o(n) + q(n). Determine a(0).
0
Let o(y) = y + 5. Let n be o(-5). Let c be -7 + 4 + n + 5. Let k(m) = -m + 5*m**3 - 2*m**c + 6*m**2 - 5*m**2. Calculate k(-1).
-5
Let f(d) = -d**2 + 2*d - 3. Let y(k) = 4*k**2 - 3*k + 2. Let b be y(1). Suppose -22*q + 21*q = -b. Suppose -q = -t - 0. Determine f(t).
-6
Let i be 4/6 + (-2)/3. Let f(v) be the second derivative of v**5/20 - v**3/6 + 113*v - 6. Give f(i).
0
Let h(x) = -x**3 - 15*x**2 + 16*x + 1. Suppose 4*u + 5*j + 54 = 0, 5*j = 5*u + 43 + 47. Give h(u).
1
Suppose 3*d - 2*d = 0. Let w(s) be the first derivative of 5 + 11*s - 1/2*s**2 + 0*s**3 - 1/4*s**4. What is w(d)?
11
Let a(y) = 6*y - 94 - 90 + 271 + 2*y - 86. What is a(-2)?
-15
Let u(n) = -n**3 + 1. Let g be u(0). Suppose 5*c - 21005 = 5*i, -3*i = 4*c - 6*c + 8407. Let z(q) = 4196 - c - 8*q. Calculate z(g).
-8
Let d(o) = -9*o**3 + 2*o + o**2 + 3 - 2 + o**2. Let a(u) = -u**2 - 10*u - 6. Let l be a(-9). Let w be (1/2)/(l/(30/(-5))). Give d(w).
10
Let r(o) = -3 + 3 - 2 - 2 + 22*o + 5. Determine r(1).
23
Let z(h) be the second derivative of h**5/20 + 5*h**4/12 - 2*h**2 - 104*h. Give z(-4).
12
Let l(c) be the third derivative of -c**4/6 + 14*c**3/3 + c**2 + 4. What is l(12)?
-20
Suppose -6 = j - 0*b - 4*b, 6 = -j + b. Let s(n) = n**2 + 6*n + 8. Determine s(j).
8
Suppose h - w = 17, -17*w = -2*h - 20*w - 1. Let c(m) = -2*m**2 + 18*m + 1. Let n(o) = o**2 - 9*o. Let p(y) = 4*c(y) + 7*n(y). Give p(h).
-6
Let m(y) = 4*y + 11. Let b(z) = 6*z + 20. Let i(f) = 3*b(f) - 5*m(f). Calculate i(0).
5
Suppose 3*g = -2*y + 5, g = 4*y - 2*g + 35. Let t(c) = -2*c - 3. Let a(b) = 3*b + 5. Let r(d) = y*t(d) - 3*a(d). What is r(8)?
8
Let p = 371 + -377. Let k(b) = -b - 3. Calculate k(p).
3
Suppose 1 = 2*q - 3*q. Let z be (-14 - -17) + q/(-1). Let h(r) = 5*r**3 - 5*r + 2. Let t(x) = -4*x**3 - x**2 + 5*x - 1. Let k(s) = -5*h(s) - 6*t(s). Give k(z).
8
Suppose -q + 6 = -g, -2*q - g - 22 = -7*q. Let h(a) = 7*a - q + 3 - 3 + 3. What is h(1)?
6
Let l(y) be the third derivative of -5*y**4/24 - y**3/6 - y**2. Let o(i) = 2*i**2 + 0 - 10 - 10*i - i**2. Let f be o(11). Give l(f).
-6
Let u be (-3)/(-1) - (-15 - -11). Suppose 30 + 5 = -u*d. Let b(i) = i - 2. What is b(d)?
-7
Let r(s) be the first derivative of -s**3/3 - s**2 + s - 195. Determine r(2).
-7
Let c be (2 + 2)/(-4) - -1. Suppose c*b = -4*b - p + 12, -2*p + 6 = 2*b. Let d(j) = b - 3 + j + 2. Give d(0).
2
Let f = -264 + 255. Let q(z) = -z**3 - 11*z**2 - 17*z + 7. Calculate q(f).
-2
Let c(j) = 3*j. Let q(n) = n**2 + 7*n + 9. Let z be q(-6). Let k(y) = y**2 - 7. Let o be k(z). Determine c(o).
6
Let l(q) = q**2 + 4*q + 4. Let o be l(0). Let s(x) = o*x - 8*x + 4*x + 3*x - 7. Determine s(6).
11
Suppose 2*t - 20 = 3*k - 6, -32 = 4*k + 4*t. Let z(s) = -s**2 - 12*s - 4. Calculate z(k).
32
Let q(a) = -a**2 + 2*a + 2. Suppose 3*l = -2*b + 38, 2*l - 50 = -l + 4*b. Let r be (9 - 7)*l/(-4). Let z = -3 - r. Calculate q(z).
-6
Let a(w) = -w**3 + 4*w**2 - 3. Suppose 66 - 738 = 14*d. Let h = 52 + d. What is a(h)?
-3
Suppose 30 = 8*m - 3*m. Let d(t) = 2 + 2*t**2 + 1854*t - 1849*t - 3*t**2 + 1. What is d(m)?
-3
Let c(n) be the third derivative of -n**8/6720 - n**7/840 + n**5/120 - 29*n**4/24 + 43*n**2. Let v(t) be the second derivative of c(t). Give v(-3).
1
Let p(i) = 23*i**3 - i - 1. Let k(c) = -2*c**3 - 4*c**2 + 13. Let a be k(-4). Let w = -78 + a. What is p(w)?
-23
Suppose 2*a - 3*y + 6 = 0, 1 = a + y + 4. Let f(m) = -3*m**2 - 2*m + 3. Determine f(a).
-18
Let z(p) = -2*p**3 + p**2 + 13*p + 2. Let j(s) = -s**3 + 6*s + 1. Let y(l) = -5*j(l) + 2*z(l). Let w be -4*4/(-2 + -2). Suppose -w*g = -1 + 13. Determine y(g).
2
Let l(g) = 3*g. Let r be l(-12). Let n = r + 38. Let m(u) = -u**3 + u**2 + u - 2. Determine m(n).
-4
Let y = 0 - 5. Let o(l) = -2*l**2 + 7*l + 6. Let n(b) = -b**2 + 6*b + 6. Let k(q) = 3*n(q) - 2*o(q). What is k(y)?
11
Let v(r) = -r**2 + 5*r - 5. Let a(x) = -x**3 + 4*x**2 - 2*x + 3. Let f be a(2). Let s be (-46)/3 - 6/9. Let k be f + (s/4)/4. Calculate v(k).
-11
Let l(u) be the second derivative of u**5/20 + u**4/2 + 5*u**3/6 - u**2/2 + 28*u. Determine l(-5).
-1
Let k(r) = 4*r**2. Let o(c) = -c**3 + 4*c**2 + 3*c - 1. Let g be o(-1). Determine k(g).
4
Let a(g) = -g**2 + 6*g - 2. Let u = -16 + 25. Suppose 7*h + 10 = u*h. Give a(h).
3
Let t(x) be the second derivative of x**3/2 + 361*x. Calculate t(4).
12
Let y be (-95)/3 + (-1)/3. Let i = 27 + y. Let x(s) = s**3 + 5*s**2 + 2*s - 1. Give x(i).
-11
Let y(u) = -u**3 + 4*u**2 - 5. Let l = 2 - 1. Let h be (-3 - 1) + (-6 - (-9 + -2)). Let q be l - h - (-40)/10. Determine y(q).
-5
Let a(f) be the first derivative of -f**4/4 + 4*f**3/3 + 5*f + 29. What is a(4)?
5
Let i(t) be the third derivative of t**5/20 - 5*t**4/8 + 7*t**3/6 + 178*t**2. Determine i(5).
7
Let s(z) be the third derivative of 13*z**5/60 + z**3/6 - 149*z**2. Determine s(-1).
14
Let v(j) = -5. Let r(d) = -d - 13. Suppose 4*g + 36 = -5*l, 2*g = -4*l - 24 - 0. Let x(y) = g*r(y) + 11*v(y). Determine x(2).
5
Let i(k) = 6*k**3 - 7*k - 12*k**3 - 2*k**3 + 7*k**2 + 7*k**3 + 3 + k**2. Determine i(7).
3
Let f(b) = b**3 - b**2 - b - 2. Let n = -1528 - -1528. Determine f(n).
-2
Let v(h) = 6*h + 8. Let l(c) = -5*c**2 + 67*c - 19. Let j be l(13). Let f(g) = -5*g - 7. Suppose 2*d + 18 = 5*d. Let r(p) = d*v(p) + j*f(p). Calculate r(2).
1
Let y = 121 + -59. Let g(q) = -55 - y + 110 - 8*q - q**2. Give g(-7).
0
Let a(t) = t + 4. Let h be a(-5). Let p be (-1 - (-6)/4)*4. Let r(q) = 2 + q - 3 + p*q. Give r(h).
-4
Suppose z + 4 = 2*q, -3*z + 3*q - 2*q = -8. Suppose z*n - 2 = 5*n. Let b(x) be the second derivative of -x**4/12 + x**3/6 - x**2/2 - 3*x. What is b(n)?
-7
Let a(c) = -4. Let i(b) = -2*b